-62)?
-43
-64 + (-46 - (-113 + 29))
-26
Calculate 35 + (-4 + -9 + 4 - -6).
32
Calculate 796 - 804 - ((-7 - 2) + 2).
-1
What is the value of 35 + 21 + -24 + (2 - 4 - -1)?
31
What is the value of 69 + (-45 + 76 - 49)?
51
25 + -1 - -1 - (265 + -254) - 9 - -84
89
Calculate 0 - 43 - (-15755 + 15758).
-46
What is the value of (126 - 76) + 5 + (7 - 4) - 11?
47
Calculate (102 - (-39 - -1)) + -50.
90
Calculate (-28 - ((12 - -23) + -23)) + (-1 - -1).
-40
What is the value of 45 - (-18 - 10 - -4) - -7 - -16?
92
32 - (7 - 6 - (-3 - 2) - (277 + -266))
37
(16 - 31) + ((-13 - -12) + 10 - -105)
99
Evaluate -9 - -10 - -6 - ((-79 - -29) + 60).
-3
Evaluate -101 - (35 - -8 - 101).
-43
What is the value of (6 - 5 - 6) + ((-12 - -7) + 1 - -8)?
-1
Calculate -93 + (-9 + -16 + 9 - -28).
-81
What is 75 - (19 - (13 + (15 - (3 + 25))))?
56
-2 - -38 - (5933 + -5912)
15
Calculate -78 - -4 - (564 - 613).
-25
Evaluate 13 + 8 + -18 + 8 + (10 - 10) + 80.
91
What is the value of (8 - 14) + 3 + (15 - 11)?
1
71 - 118 - (-24 - -2)
-25
What is -2296 - -2226 - (0 - 47)?
-23
What is -1 + -3 - (3 + (1 - 43) + (-20 - -36))?
19
What is the value of (12 - (51 + -55)) + -41?
-25
Evaluate (-17 - 3) + (-72 - -25 - -37).
-30
35 + -5 + (-82 - (79 + -45))
-86
What is the value of (-59 - (-14 + 0 - -12)) + (6 - -6)?
-45
What is 16 + 12 + (-49 - (-13 + -6))?
-2
Calculate -5 + (13 + -28 + 23 - -12) + -1.
14
Calculate -200 - (25 + -24 + -114).
-87
What is (-29 - (-18 - (-3 - 5))) + 64?
45
-21 + 33 + (45 - 39) + -1 + 13
30
-19 + (52 - 40) + 153 + -37
109
What is the value of -34 + 14 + -12 + -43 + -18?
-93
What is 700 + -763 - (-1 + (7 + -4 - 3 - 8))?
-54
What is (-67 - -14) + (-10 - (9 - 7)) + 9?
-56
Calculate -21 + (10 - -40) + -26 - (0 + -53).
56
23 + -1 - (-52 - (-56 - -15))
33
35 + 53 - (-82 + 65)
105
Evaluate 33 + (-15 - -9) - 3 - 20.
4
What is -1 - -7 - 2 - (-24 + 76 + -37)?
-11
Evaluate -10 - ((-32 - -18) + 2 + -4 + (2 - -3)).
1
Calculate 8 + (6 - 47 - -52).
19
Evaluate (-33 - (42 - (52 - 27))) + -2.
-52
What is the value of (-80 - -61) + (11 + -50 - -15)?
-43
Evaluate -47 - (18 - -90 - 114).
-41
-14 + (-5 - (-3 + 7)) + 9 + 83 + -14
55
What is the value of (0 - (-14 - 2)) + (212 - 171 - 43)?
14
Calculate 27 - (27 + (7 - 31) + (0 - (3 + -7))).
20
Evaluate -21 - -6 - (37 - (-52 + 45)).
-59
(-33 - (2 - (-11 + 35))) + 105 - 14
80
Calculate -8 - (2 + -3) - -8 - (-32 + 0) - -4.
37
Evaluate (26 - 13) + (21 + 0 + 2 - 7).
29
Evaluate -3 + (12 - 5) - 2 - (26 + -17 - 2).
-5
Evaluate -4 - (17 + -44 + -5 + -15).
43
-80 + 24 - ((5 + 3 + -5 - -2) + 9)
-70
Calculate (56 - (-86 + 28)) + -83.
31
What is the value of (78 - (15 - -110)) + -1 + 13?
-35
Calculate 19 - (22 + (-31 - -36)).
-8
Evaluate -15 + -1 - (-41 + -9 + 32) - 15.
-13
What is (-16 + 29 - 17) + 3 + -65 + 1?
-65
What is the value of (-73 + 41 - -11) + 34 - (-2 + -102)?
117
(-53 - -15) + 77 - 62
-23
-53 + (8 - (-2 - (-10 + -7)))
-60
What is (42 - (70 + -148)) + -38?
82
Calculate (7 - (-16 - -1 - (-56 - 21))) + 5.
-50
6 + -1 - 15 - ((11 - (-44 + -15)) + -17)
-63
What is the value of 37 + 55 - 67 - 91?
-66
What is (3 + -1 - 6) + (10 - 10) + 4?
0
Calculate 8 - (-43 - (-56 + 69 - (25 + 3))).
36
Calculate 15 - (3 + 13) - ((-4 - -4 - 4) + 62).
-59
8 + -51 + (-2 - -4) - (-7 - -23 - 17)
-40
Evaluate -101 + 0 + -3 + -20 + 23.
-101
What is 15 + -122 + 92 - 42?
-57
What is the value of 6 - (-7 + 5 + 4) - (4 + (-24 - -10))?
14
5 + (12 + -3 + 4 - 1 - -13)
30
What is 28 + -32 + -5 + 17 + -16?
-8
What is the value of -41 + (1 - (7 + 10 + -31)) + 6?
-20
What is the value of 118 + -60 - 53 - -82?
87
Evaluate (-18 + 24 - 28) + (11 - 30).
-41
What is 31 - (23 + 51 + 3)?
-46
What is the value of -36 + 1 - (112 + -142 + 83)?
-88
What is 27 - 21 - (3 + 64 + 1) - -8 - 1?
-55
What is the value of (-2 - -2) + -18 + (127 - (-281 - -400))?
-10
Calculate 14 + 6 + 9 - 92 - (5 + 3).
-71
What is the value of -42 + -1 - 4 - (78 + 15 - 72)?
-68
12 + (9 - -22 - 45) - 19
-21
Calculate 1 + -25 - (3 - (-3 + -5 + 10)).
-25
What is the value of 1 + -79 + -2 + (-4 + 11 - 22)?
-95
What is the value of -51 + 2 + -54 + 100?
-3
Calculate -56 + -12 + -1 + 1 - -6 - (11 - 8).
-65
Evaluate 42 - ((26 - -9) + -7).
14
Calculate 52 - 2 - (-22 - (-34 - -5)).
43
28 - (16 - (-3 + -19))
-10
What is the value of -11 - -26 - 24 - 20?
-29
What is (-12 - 4) + 65 + -43?
6
What is the value of 66 + -3 + 30 + -20 + -22?
51
-3 - (3 - 7) - (-88 + 53 + 35)
1
What is the value of (-87 - -84) + (15 - -3) + -3?
12
(0 - (-4 + 6 + -1 - 0)) + -21 + -22
-44
What is the value of 14 + 5 + -13 + -29 + (-2 - 3) + 4?
-24
-76 + 10 - (-6 + -62)
2
2 + 0 + -121 - (210 + (147 - 381))
-95
What is -545 - -652 - (58 + -4)?
53
What is the value of (39 - (-25 + 39)) + 15 + -1?
39
What is the value of -14 - (42 - (-16 + -5 + 38))?
-39
-1 - -39 - 2 - (1098 - 1180)
118
What is the value of -18 - (19 - (23 - 4) - 24)?
6
Calculate (18 - -5) + 63 + -63 - -19.
42
Calculate (-3 - (8 + 17)) + (21 - -44).
37
What is (62 - (-72 + 153)) + -1 + -4 + 2?
-22
What is 265 + -270 + (-28 - 0) + -1 + 4 + 5?
-25
-18 - (4 - 34) - 19 - 6
-13
What is the value of 46461 - 46328 - (1 - -101)?
31
What is the value of -43 - -66 - 38 - (-1 - -16)?
-30
What is 87 - ((36 - (18 - 6 - 0)) + -12)?
75
-50 + 5 + -28 + 35 + -5
-43
What is the value of -13 - (22 - (-23 + 42))?
-16
What is the value of 1 + 1 + (-6 - 1) - (-49 - (-131 + 83))?
-4
Calculate 19 - (30 - (34 - 54)).
-31
What is the value of (101 - 100 - (2 + 10)) + 21 - (2 + -19)?
27
What is -16 + (-1 - -162 - -2) - (15 - 7)?
139
What is -3 - 3 - 4 - (-15 - -10 - 22)?
17
What is the value of -9 - ((80 - (-10 + 6 + 23)) + -14)?
-56
Calculate (-11 - -12) + -6 - -16 - -9 - (-1 - 4).
25
(43 - -3) + -34 + 19
31
Evaluate (-11 + 12 + 0 - (3 + 4)) + 11.
5
56 + -1 + (-269 - -231)
17
Calculate (-2477 - -2443) + 5 + 143 + 7.
121
Calculate -104 + (-27 + 10 - -72).
-49
52 - (65 - (11 + -31))
-33
What is the value of 11 + 2 + -1 + (-50 + -12 - (-148 - -112))?
-14
What is the value of (-9 + -2 - (1 + (-32 - -22))) + 4 + 7?
9
What is (-17 - (-103 + 25)) + -20?
41
What is (-272 - -298) + (6 + -3 - (-1 + -1))?
31
What is the value of 110 - (-26 - (-50 - -4))?
90
What is 47 - (-1 - -47 - 37)?
38
54 + (5 - (2 - 11 - (-27 - -18))) - 10
49
Calculate -118 + (-6 - (82 + -167)).
-39
What is -11 + 19 + (4 + -2 + 46 - -1)?
57
What is 99 + 4 + -21 - 57?
25
Calculate (-3 - -1) + 10 + -14 - (4 - -31).
-41
What is the value of 26 + (-4 + 38 + -21 - (6 + 2))?
31
Calculate (4 - (-1 - 5)) + -24 + 52 + -20.
18
23 - -3 - ((7 + 3 + -20 - -16) + -14)
34
What is -6 + 2 + -96 + 28 + 18 - (6 + -5)?
-55
What is the value of -8 - (12 + -25 + -17)?
22
What is 34 + -24 + (22 - 14) + 23?
41
Evaluate (16 - (-32 - (-4 - 7))) + 12.
49
Evaluate 1 - -19 - (-88 - (-133 + -2)).
-27
What is -13 - (-28 - (-8 - 5))?
2
What is the value of 38 - (-6 - -30) - -14 - 41?
-13
What is the value of 102 + (-52 - 39 - -43)?
54
Calculate (23 + -15 - -16) + -21 + -61.
-58
Calculate (-24 - -5 - -122) + -40.
63
Calculate (-96 + -1 - (1062 - 1088)) + 13 - (1 + -3).
-56
(1842 - 1821) + (-63 - 2)
-44
Calculate -32 + (13 - -36) + -63 + -3.
-49
(-3 + 18 + 5 - (6 + -3)) + -11 + 6
12
Evaluate 5 + (-1 - (-52 + 5) - (3 - (-18 - -16))).
46
What is (-18 - -4) + (40 - 80) + 70 - (5 + -131)?
142
What is 116 - (86 - -20) - (-54 - -1)?
63
Calculate (-190 - -101) + 94 - (1 - 0 - 12) - -89.
105
What is the value of 18 + (-18 + -9 - -12) + -13 + -8?
-18
What is the value of 11 + -16 + 1 + -1 + -54 - (-2 + 0)?
-57
What is -6 + 0 + (393 - 373) + 48 - 13?
49
What is -1 - ((3 + 2 - 35) + 9)?
20
What is -18 + (-11 - -37) + -5 + 26 + 1?
30
Calculate 2 + -113 + -15 + 117.
-9
Evaluate -48 - (14 - (17 + -16) - 14).
-47
What is -12 + -9 + 11 - (-11 - (-3 - (3 - 8)))?
3
Calculate -31 + (20 + -22 - -18 - 7).
-22
What is the value of -5 - (-14 - (-1 - -7 - 13) - 28 - -2)?
28
(115 - 57) + 3 + -16
45
30 + (12 - 16 - -3) + 3 + -5 + -1
26
Calculate 2 + 19 - (23 + -29 + 13) - 15.
-1
What is -63 - ((41 - 36) + -42)?
-26
Calculate 0 + -73 - (4378 - 4421).
-30
-627 - -653 - (-1 + -4)
31
-16 + (15 + 51 - 13) + 6
43
0 - ((0 - -1) + (-20 + 14 - -4))
1
What is the value of (-10 - -5 - (-2 - -5)) + -15?
-23
Calculate 21 + 39 + -81 + (-10 - -1).
-30
Calculate -112 - (15 + -24) - (-174 + 170).
-99
What is -45 + (8 + 1 -